{"id":403,"date":"2023-07-14T11:53:31","date_gmt":"2023-07-14T09:53:31","guid":{"rendered":"https:\/\/ek-bud.pl\/?page_id=403"},"modified":"2024-07-05T22:35:47","modified_gmt":"2024-07-05T20:35:47","slug":"o-nas","status":"publish","type":"page","link":"https:\/\/ek-bud.pl\/index.php\/o-nas\/","title":{"rendered":"O Nas"},"content":{"rendered":"\t\t<div data-elementor-type=\"wp-page\" data-elementor-id=\"403\" class=\"elementor elementor-403\" data-elementor-post-type=\"page\">\n\t\t\t\t\t\t<section class=\"elementor-section elementor-top-section elementor-element elementor-element-f76efac elementor-section-full_width elementor-section-height-min-height elementor-hidden-tablet elementor-hidden-mobile elementor-section-height-default elementor-section-items-middle\" data-id=\"f76efac\" data-element_type=\"section\" data-settings=\"{&quot;background_background&quot;:&quot;classic&quot;}\">\n\t\t\t\t\t\t\t<div class=\"elementor-background-overlay\"><\/div>\n\t\t\t\t\t\t\t<div class=\"elementor-container elementor-column-gap-no\">\n\t\t\t\t\t<div class=\"elementor-column elementor-col-100 elementor-top-column elementor-element elementor-element-4dd0a57\" data-id=\"4dd0a57\" data-element_type=\"column\">\n\t\t\t<div class=\"elementor-widget-wrap elementor-element-populated\">\n\t\t\t\t\t\t\t<\/div>\n\t\t<\/div>\n\t\t\t\t\t<\/div>\n\t\t<\/section>\n\t\t\t\t<section class=\"elementor-section elementor-top-section elementor-element elementor-element-82330c8 elementor-section-full_width elementor-section-height-min-height elementor-hidden-desktop elementor-section-height-default elementor-section-items-middle\" data-id=\"82330c8\" data-element_type=\"section\" data-settings=\"{&quot;background_background&quot;:&quot;classic&quot;}\">\n\t\t\t\t\t\t\t<div class=\"elementor-background-overlay\"><\/div>\n\t\t\t\t\t\t\t<div class=\"elementor-container elementor-column-gap-no\">\n\t\t\t\t\t<div class=\"elementor-column elementor-col-100 elementor-top-column elementor-element elementor-element-10c5abe\" data-id=\"10c5abe\" data-element_type=\"column\">\n\t\t\t<div class=\"elementor-widget-wrap elementor-element-populated\">\n\t\t\t\t\t\t\t<\/div>\n\t\t<\/div>\n\t\t\t\t\t<\/div>\n\t\t<\/section>\n\t\t\t\t<section class=\"elementor-section elementor-top-section elementor-element elementor-element-3cb996c2 elementor-section-content-middle elementor-section-boxed elementor-section-height-default elementor-section-height-default\" data-id=\"3cb996c2\" data-element_type=\"section\">\n\t\t\t\t\t\t<div class=\"elementor-container elementor-column-gap-no\">\n\t\t\t\t\t<div class=\"elementor-column elementor-col-33 elementor-top-column elementor-element elementor-element-70648d23\" data-id=\"70648d23\" data-element_type=\"column\">\n\t\t\t<div class=\"elementor-widget-wrap elementor-element-populated\">\n\t\t\t\t\t\t<div class=\"elementor-element elementor-element-304bb7f elementor-widget elementor-widget-text-editor\" data-id=\"304bb7f\" data-element_type=\"widget\" data-widget_type=\"text-editor.default\">\n\t\t\t\t<div class=\"elementor-widget-container\">\n\t\t\t\t\t\t\t\t\t<p>O Nas<\/p>\t\t\t\t\t\t\t\t<\/div>\n\t\t\t\t<\/div>\n\t\t\t\t<div class=\"elementor-element elementor-element-57c8c0c3 elementor-widget elementor-widget-heading\" data-id=\"57c8c0c3\" data-element_type=\"widget\" data-widget_type=\"heading.default\">\n\t\t\t\t<div class=\"elementor-widget-container\">\n\t\t\t\t\t<h3 class=\"elementor-heading-title elementor-size-default\">EK-BUD\nERYK KUTERNOGA<\/h3>\t\t\t\t<\/div>\n\t\t\t\t<\/div>\n\t\t\t\t<div class=\"elementor-element elementor-element-e000e6f elementor-widget-divider--view-line elementor-widget elementor-widget-divider\" data-id=\"e000e6f\" data-element_type=\"widget\" data-widget_type=\"divider.default\">\n\t\t\t\t<div class=\"elementor-widget-container\">\n\t\t\t\t\t\t\t<div class=\"elementor-divider\">\n\t\t\t<span class=\"elementor-divider-separator\">\n\t\t\t\t\t\t<\/span>\n\t\t<\/div>\n\t\t\t\t\t\t<\/div>\n\t\t\t\t<\/div>\n\t\t\t\t\t<\/div>\n\t\t<\/div>\n\t\t\t\t<div class=\"elementor-column elementor-col-33 elementor-top-column elementor-element elementor-element-bf4b79f\" data-id=\"bf4b79f\" data-element_type=\"column\">\n\t\t\t<div class=\"elementor-widget-wrap elementor-element-populated\">\n\t\t\t\t\t\t<div class=\"elementor-element elementor-element-15e3a0e4 elementor-widget elementor-widget-image\" data-id=\"15e3a0e4\" data-element_type=\"widget\" data-widget_type=\"image.default\">\n\t\t\t\t<div class=\"elementor-widget-container\">\n\t\t\t\t\t\t\t\t\t\t\t\t\t\t\t<img fetchpriority=\"high\" decoding=\"async\" width=\"600\" height=\"700\" src=\"https:\/\/ek-bud.pl\/wp-content\/uploads\/2023\/07\/Untitled-design10.png\" class=\"elementor-animation-grow attachment-full size-full wp-image-490\" alt=\"\" srcset=\"https:\/\/ek-bud.pl\/wp-content\/uploads\/2023\/07\/Untitled-design10.png 600w, https:\/\/ek-bud.pl\/wp-content\/uploads\/2023\/07\/Untitled-design10-257x300.png 257w\" sizes=\"(max-width: 600px) 100vw, 600px\" \/>\t\t\t\t\t\t\t\t\t\t\t\t\t\t\t<\/div>\n\t\t\t\t<\/div>\n\t\t\t\t<div class=\"elementor-element elementor-element-5e21d40a elementor-widget elementor-widget-text-editor\" data-id=\"5e21d40a\" data-element_type=\"widget\" data-widget_type=\"text-editor.default\">\n\t\t\t\t<div class=\"elementor-widget-container\">\n\t\t\t\t\t\t\t\t\t<p>Nasz zesp\u00f3\u0142 sk\u0142ada si\u0119 z wysoko wykwalifikowanych specjalist\u00f3w, kt\u00f3rzy posiadaj\u0105 bogate do\u015bwiadczenie w r\u00f3\u017cnorodnych obszarach budownictwa. Ka\u017cde zlecenie traktujemy indywidualnie, staraj\u0105c si\u0119 zrozumie\u0107 potrzeby i oczekiwania naszych klient\u00f3w. Dzi\u0119ki temu jeste\u015bmy w stanie dostarczy\u0107 rozwi\u0105zania, kt\u00f3re s\u0105 zar\u00f3wno funkcjonalne, estetyczne, jak i trwa\u0142e.<\/p>\t\t\t\t\t\t\t\t<\/div>\n\t\t\t\t<\/div>\n\t\t\t\t\t<\/div>\n\t\t<\/div>\n\t\t\t\t<div class=\"elementor-column elementor-col-33 elementor-top-column elementor-element elementor-element-6e61da67\" data-id=\"6e61da67\" data-element_type=\"column\">\n\t\t\t<div class=\"elementor-widget-wrap elementor-element-populated\">\n\t\t\t\t\t\t<div class=\"elementor-element elementor-element-661a35f7 elementor-widget elementor-widget-text-editor\" data-id=\"661a35f7\" data-element_type=\"widget\" data-widget_type=\"text-editor.default\">\n\t\t\t\t<div class=\"elementor-widget-container\">\n\t\t\t\t\t\t\t\t\t<p>Jeste\u015bmy firm\u0105 budowlan\u0105 z Krakowa, kt\u00f3ra mo\u017ce pochwali\u0107 si\u0119 pi\u0119cioletnim do\u015bwiadczeniem w bran\u017cy. Nasza pasja do budownictwa oraz d\u0105\u017cenie do doskona\u0142o\u015bci sprawiaj\u0105, \u017ce jeste\u015bmy niezawodnym partnerem w realizacji wszelkiego rodzaju projekt\u00f3w budowlanych.<\/p>\t\t\t\t\t\t\t\t<\/div>\n\t\t\t\t<\/div>\n\t\t\t\t<div class=\"elementor-element elementor-element-15ee0095 elementor-widget elementor-widget-image\" data-id=\"15ee0095\" data-element_type=\"widget\" data-widget_type=\"image.default\">\n\t\t\t\t<div class=\"elementor-widget-container\">\n\t\t\t\t\t\t\t\t\t\t\t\t\t\t\t<img decoding=\"async\" width=\"600\" height=\"800\" src=\"https:\/\/ek-bud.pl\/wp-content\/uploads\/2023\/07\/97610241_264015094973505_4824351989808758784_n.jpg\" class=\"elementor-animation-grow attachment-full size-full wp-image-510\" alt=\"\" srcset=\"https:\/\/ek-bud.pl\/wp-content\/uploads\/2023\/07\/97610241_264015094973505_4824351989808758784_n.jpg 600w, https:\/\/ek-bud.pl\/wp-content\/uploads\/2023\/07\/97610241_264015094973505_4824351989808758784_n-225x300.jpg 225w\" sizes=\"(max-width: 600px) 100vw, 600px\" \/>\t\t\t\t\t\t\t\t\t\t\t\t\t\t\t<\/div>\n\t\t\t\t<\/div>\n\t\t\t\t\t<\/div>\n\t\t<\/div>\n\t\t\t\t\t<\/div>\n\t\t<\/section>\n\t\t\t\t<section class=\"elementor-section elementor-top-section elementor-element elementor-element-905981e elementor-section-content-middle elementor-section-boxed elementor-section-height-default elementor-section-height-default\" data-id=\"905981e\" data-element_type=\"section\">\n\t\t\t\t\t\t<div class=\"elementor-container elementor-column-gap-no\">\n\t\t\t\t\t<div class=\"elementor-column elementor-col-33 elementor-top-column elementor-element elementor-element-06dce8f\" data-id=\"06dce8f\" data-element_type=\"column\">\n\t\t\t<div class=\"elementor-widget-wrap elementor-element-populated\">\n\t\t\t\t\t\t<div class=\"elementor-element elementor-element-321c040 elementor-widget elementor-widget-image\" data-id=\"321c040\" data-element_type=\"widget\" data-widget_type=\"image.default\">\n\t\t\t\t<div class=\"elementor-widget-container\">\n\t\t\t\t\t\t\t\t\t\t\t\t\t\t\t<img decoding=\"async\" width=\"600\" height=\"800\" src=\"https:\/\/ek-bud.pl\/wp-content\/uploads\/2023\/07\/273604057_720477322660611_1053305580439866954_n.jpg\" class=\"elementor-animation-grow attachment-full size-full wp-image-508\" alt=\"\" srcset=\"https:\/\/ek-bud.pl\/wp-content\/uploads\/2023\/07\/273604057_720477322660611_1053305580439866954_n.jpg 600w, https:\/\/ek-bud.pl\/wp-content\/uploads\/2023\/07\/273604057_720477322660611_1053305580439866954_n-225x300.jpg 225w\" sizes=\"(max-width: 600px) 100vw, 600px\" \/>\t\t\t\t\t\t\t\t\t\t\t\t\t\t\t<\/div>\n\t\t\t\t<\/div>\n\t\t\t\t<div class=\"elementor-element elementor-element-23c968b elementor-widget elementor-widget-text-editor\" data-id=\"23c968b\" data-element_type=\"widget\" data-widget_type=\"text-editor.default\">\n\t\t\t\t<div class=\"elementor-widget-container\">\n\t\t\t\t\t\t\t\t\t<p>Jeste\u015bmy dumni z naszych osi\u0105gni\u0119\u0107 i licznych zadowolonych klient\u00f3w, kt\u00f3rzy doceniaj\u0105 nasz\u0105 profesjonaln\u0105 obs\u0142ug\u0119 i wysok\u0105 jako\u015b\u0107 \u015bwiadczonych us\u0142ug. Naszym celem jest nie tylko zadowolenie klienta, ale r\u00f3wnie\u017c budowanie d\u0142ugotrwa\u0142ych relacji opartych na zaufaniu i wzajemnym zrozumieniu.<\/p>\t\t\t\t\t\t\t\t<\/div>\n\t\t\t\t<\/div>\n\t\t\t\t\t<\/div>\n\t\t<\/div>\n\t\t\t\t<div class=\"elementor-column elementor-col-33 elementor-top-column elementor-element elementor-element-6bcb341\" data-id=\"6bcb341\" data-element_type=\"column\">\n\t\t\t<div class=\"elementor-widget-wrap elementor-element-populated\">\n\t\t\t\t\t\t<div class=\"elementor-element elementor-element-a8ba64e elementor-widget elementor-widget-text-editor\" data-id=\"a8ba64e\" data-element_type=\"widget\" data-widget_type=\"text-editor.default\">\n\t\t\t\t<div class=\"elementor-widget-container\">\n\t\t\t\t\t\t\t\t\t<p>Nasze do\u015bwiadczenie pozwala nam r\u00f3wnie\u017c na efektywn\u0105 organizacj\u0119 pracy i terminowe realizowanie zlece\u0144. Dba\u0142o\u015b\u0107 o szczeg\u00f3\u0142y oraz solidno\u015b\u0107 to warto\u015bci, kt\u00f3re s\u0105 dla nas niezwykle istotne. Przyk\u0142adamy du\u017c\u0105 wag\u0119 do wykorzystania nowoczesnych technologii i materia\u0142\u00f3w najwy\u017cszej jako\u015bci, aby zapewni\u0107 trwa\u0142o\u015b\u0107 i trwa\u0142o\u015b\u0107 naszych budowli.<\/p>\t\t\t\t\t\t\t\t<\/div>\n\t\t\t\t<\/div>\n\t\t\t\t<div class=\"elementor-element elementor-element-c0e9f38 elementor-widget elementor-widget-image\" data-id=\"c0e9f38\" data-element_type=\"widget\" data-widget_type=\"image.default\">\n\t\t\t\t<div class=\"elementor-widget-container\">\n\t\t\t\t\t\t\t\t\t\t\t\t\t\t\t<img loading=\"lazy\" decoding=\"async\" width=\"600\" height=\"800\" src=\"https:\/\/ek-bud.pl\/wp-content\/uploads\/2023\/07\/79165783_162428615132154_4481742719189778432_n.jpg\" class=\"elementor-animation-grow attachment-full size-full wp-image-509\" alt=\"\" srcset=\"https:\/\/ek-bud.pl\/wp-content\/uploads\/2023\/07\/79165783_162428615132154_4481742719189778432_n.jpg 600w, https:\/\/ek-bud.pl\/wp-content\/uploads\/2023\/07\/79165783_162428615132154_4481742719189778432_n-225x300.jpg 225w\" sizes=\"(max-width: 600px) 100vw, 600px\" \/>\t\t\t\t\t\t\t\t\t\t\t\t\t\t\t<\/div>\n\t\t\t\t<\/div>\n\t\t\t\t\t<\/div>\n\t\t<\/div>\n\t\t\t\t<div class=\"elementor-column elementor-col-33 elementor-top-column elementor-element elementor-element-9b0b7b2\" data-id=\"9b0b7b2\" data-element_type=\"column\">\n\t\t\t<div class=\"elementor-widget-wrap elementor-element-populated\">\n\t\t\t\t\t\t<div class=\"elementor-element elementor-element-33aeaa8 elementor-widget__width-initial elementor-widget elementor-widget-heading\" data-id=\"33aeaa8\" data-element_type=\"widget\" data-widget_type=\"heading.default\">\n\t\t\t\t<div class=\"elementor-widget-container\">\n\t\t\t\t\t<h3 class=\"elementor-heading-title elementor-size-default\">WYKO\u0143CZENIA\nBUDOWNICWO\nPROJEKTY\n<\/h3>\t\t\t\t<\/div>\n\t\t\t\t<\/div>\n\t\t\t\t<div class=\"elementor-element elementor-element-830afe5 elementor-widget__width-initial elementor-widget-divider--view-line elementor-widget elementor-widget-divider\" data-id=\"830afe5\" data-element_type=\"widget\" data-widget_type=\"divider.default\">\n\t\t\t\t<div class=\"elementor-widget-container\">\n\t\t\t\t\t\t\t<div class=\"elementor-divider\">\n\t\t\t<span class=\"elementor-divider-separator\">\n\t\t\t\t\t\t<\/span>\n\t\t<\/div>\n\t\t\t\t\t\t<\/div>\n\t\t\t\t<\/div>\n\t\t\t\t\t<\/div>\n\t\t<\/div>\n\t\t\t\t\t<\/div>\n\t\t<\/section>\n\t\t\t\t<section class=\"elementor-section elementor-top-section elementor-element elementor-element-498c4ca elementor-section-full_width elementor-section-height-default elementor-section-height-default\" data-id=\"498c4ca\" data-element_type=\"section\" data-settings=\"{&quot;background_background&quot;:&quot;classic&quot;}\">\n\t\t\t\t\t\t<div class=\"elementor-container elementor-column-gap-default\">\n\t\t\t\t\t<div class=\"elementor-column elementor-col-100 elementor-top-column elementor-element elementor-element-89693ef\" data-id=\"89693ef\" data-element_type=\"column\">\n\t\t\t<div class=\"elementor-widget-wrap elementor-element-populated\">\n\t\t\t\t\t\t<div class=\"elementor-element elementor-element-fff3c7e elementor-widget elementor-widget-heading\" data-id=\"fff3c7e\" data-element_type=\"widget\" data-widget_type=\"heading.default\">\n\t\t\t\t<div class=\"elementor-widget-container\">\n\t\t\t\t\t<h2 class=\"elementor-heading-title elementor-size-default\">OBEJRZYJ NASZE REALIZACJE<\/h2>\t\t\t\t<\/div>\n\t\t\t\t<\/div>\n\t\t\t\t<div class=\"elementor-element elementor-element-254bbed elementor-skin-carousel elementor-arrows-yes elementor-widget elementor-widget-media-carousel\" data-id=\"254bbed\" data-element_type=\"widget\" data-settings=\"{&quot;autoplay_speed&quot;:4000,&quot;skin&quot;:&quot;carousel&quot;,&quot;effect&quot;:&quot;slide&quot;,&quot;show_arrows&quot;:&quot;yes&quot;,&quot;speed&quot;:500,&quot;autoplay&quot;:&quot;yes&quot;,&quot;loop&quot;:&quot;yes&quot;,&quot;pause_on_hover&quot;:&quot;yes&quot;,&quot;pause_on_interaction&quot;:&quot;yes&quot;,&quot;space_between&quot;:{&quot;unit&quot;:&quot;px&quot;,&quot;size&quot;:10,&quot;sizes&quot;:[]},&quot;space_between_tablet&quot;:{&quot;unit&quot;:&quot;px&quot;,&quot;size&quot;:10,&quot;sizes&quot;:[]},&quot;space_between_mobile&quot;:{&quot;unit&quot;:&quot;px&quot;,&quot;size&quot;:10,&quot;sizes&quot;:[]}}\" data-widget_type=\"media-carousel.default\">\n\t\t\t\t<div class=\"elementor-widget-container\">\n\t\t\t\t\t\t\t\t\t<div class=\"elementor-swiper\">\n\t\t\t\t\t<div class=\"elementor-main-swiper swiper\" role=\"region\" aria-roledescription=\"carousel\" aria-label=\"Slajdy\">\n\t\t\t\t<div class=\"swiper-wrapper\">\n\t\t\t\t\t\t\t\t\t\t\t<div class=\"swiper-slide\" role=\"group\" aria-roledescription=\"slide\">\n\t\t\t\t\t\t\t<a href=\"https:\/\/ek-bud.pl\/wp-content\/uploads\/2023\/07\/95400a23.png\" data-elementor-open-lightbox=\"yes\" data-elementor-lightbox-slideshow=\"254bbed\" data-elementor-lightbox-title=\"95400a23\" data-e-action-hash=\"#elementor-action%3Aaction%3Dlightbox%26settings%3DeyJpZCI6MTcyLCJ1cmwiOiJodHRwczpcL1wvZWstYnVkLnBsXC93cC1jb250ZW50XC91cGxvYWRzXC8yMDIzXC8wN1wvOTU0MDBhMjMucG5nIiwic2xpZGVzaG93IjoiMjU0YmJlZCJ9\" data-elementor-lightbox-video=\"https:\/\/www.youtube.com\/embed\/E6hLLoctTcc?feature=oembed&amp;autoplay=1&amp;rel=0&amp;controls=0\">\t\t<div class=\"elementor-carousel-image\" role=\"img\" aria-label=\"95400a23\" style=\"background-image: url(&#039;https:\/\/ek-bud.pl\/wp-content\/uploads\/2023\/07\/95400a23.png&#039;)\">\n\n\t\t\t\n\t\t\t\t\t\t\t<div class=\"elementor-custom-embed-play\">\n\t\t\t\t\t<i aria-hidden=\"true\" class=\"eicon-play\"><\/i>\t\t\t\t\t<span class=\"elementor-screen-only\">Play<\/span>\n\t\t\t\t<\/div>\n\t\t\t\t\t<\/div>\n\t\t<\/a>\t\t\t\t\t\t<\/div>\n\t\t\t\t\t\t\t\t\t<\/div>\n\t\t\t\t\t\t\t<\/div>\n\t\t\t\t<\/div>\n\t\t\t\t\t\t\t\t<\/div>\n\t\t\t\t<\/div>\n\t\t\t\t\t<\/div>\n\t\t<\/div>\n\t\t\t\t\t<\/div>\n\t\t<\/section>\n\t\t\t\t<section class=\"elementor-section elementor-top-section elementor-element elementor-element-f9972b5 elementor-section-boxed elementor-section-height-default elementor-section-height-default\" data-id=\"f9972b5\" data-element_type=\"section\">\n\t\t\t\t\t\t<div class=\"elementor-container elementor-column-gap-default\">\n\t\t\t\t\t<div class=\"elementor-column elementor-col-100 elementor-top-column elementor-element elementor-element-5fc3a68\" data-id=\"5fc3a68\" data-element_type=\"column\">\n\t\t\t<div class=\"elementor-widget-wrap elementor-element-populated\">\n\t\t\t\t\t\t<div class=\"elementor-element elementor-element-70ba162 elementor-widget elementor-widget-text-editor\" data-id=\"70ba162\" data-element_type=\"widget\" data-widget_type=\"text-editor.default\">\n\t\t\t\t<div class=\"elementor-widget-container\">\n\t\t\t\t\t\t\t\t\t<p>Je\u015bli szukasz solidnego partnera do realizacji swojego projektu budowlanego w Krakowie, to jeste\u015bmy gotowi, by Ci pom\u00f3c. Skontaktuj si\u0119 z nami ju\u017c dzi\u015b,<br \/>a my zapewnimy Ci kompleksowe rozwi\u0105zania i profesjonalne wsparcie na ka\u017cdym etapie budowy.<\/p>\t\t\t\t\t\t\t\t<\/div>\n\t\t\t\t<\/div>\n\t\t\t\t\t<\/div>\n\t\t<\/div>\n\t\t\t\t\t<\/div>\n\t\t<\/section>\n\t\t\t\t<\/div>\n\t\t","protected":false},"excerpt":{"rendered":"<p>O Nas EK-BUD ERYK KUTERNOGA Nasz zesp\u00f3\u0142 sk\u0142ada si\u0119 z wysoko wykwalifikowanych specjalist\u00f3w, kt\u00f3rzy posiadaj\u0105 bogate do\u015bwiadczenie w r\u00f3\u017cnorodnych obszarach budownictwa. Ka\u017cde zlecenie traktujemy indywidualnie, staraj\u0105c si\u0119 zrozumie\u0107 potrzeby i oczekiwania naszych klient\u00f3w. Dzi\u0119ki temu jeste\u015bmy w stanie dostarczy\u0107 rozwi\u0105zania, kt\u00f3re s\u0105 zar\u00f3wno funkcjonalne, estetyczne, jak i trwa\u0142e. Jeste\u015bmy firm\u0105 budowlan\u0105 z Krakowa, kt\u00f3ra mo\u017ce [&hellip;]<\/p>\n","protected":false},"author":1,"featured_media":0,"parent":0,"menu_order":0,"comment_status":"closed","ping_status":"closed","template":"elementor_header_footer","meta":{"footnotes":""},"_links":{"self":[{"href":"https:\/\/ek-bud.pl\/index.php\/wp-json\/wp\/v2\/pages\/403"}],"collection":[{"href":"https:\/\/ek-bud.pl\/index.php\/wp-json\/wp\/v2\/pages"}],"about":[{"href":"https:\/\/ek-bud.pl\/index.php\/wp-json\/wp\/v2\/types\/page"}],"author":[{"embeddable":true,"href":"https:\/\/ek-bud.pl\/index.php\/wp-json\/wp\/v2\/users\/1"}],"replies":[{"embeddable":true,"href":"https:\/\/ek-bud.pl\/index.php\/wp-json\/wp\/v2\/comments?post=403"}],"version-history":[{"count":76,"href":"https:\/\/ek-bud.pl\/index.php\/wp-json\/wp\/v2\/pages\/403\/revisions"}],"predecessor-version":[{"id":1002,"href":"https:\/\/ek-bud.pl\/index.php\/wp-json\/wp\/v2\/pages\/403\/revisions\/1002"}],"wp:attachment":[{"href":"https:\/\/ek-bud.pl\/index.php\/wp-json\/wp\/v2\/media?parent=403"}],"curies":[{"name":"wp","href":"https:\/\/api.w.org\/{rel}","templated":true}]}}